{"id":2,"date":"2023-10-31T09:49:22","date_gmt":"2023-10-31T08:49:22","guid":{"rendered":"http:\/\/drancourt.fr\/Shop\/?page_id=2"},"modified":"2023-12-04T14:14:45","modified_gmt":"2023-12-04T13:14:45","slug":"porte-cartes-grises-3-volets-cousus","status":"publish","type":"page","link":"https:\/\/drancourt.fr\/Shop\/porte-cartes-grises-3-volets-cousus\/","title":{"rendered":"Porte-Cartes Grises 3 Volets Cousus"},"content":{"rendered":"\t\t<div data-elementor-type=\"wp-page\" data-elementor-id=\"2\" class=\"elementor elementor-2\">\n\t\t\t\t<div class=\"elementor-element elementor-element-7c4a8ed e-flex e-con-boxed e-con e-parent\" data-id=\"7c4a8ed\" data-element_type=\"container\" data-e-type=\"container\">\n\t\t\t\t\t<div class=\"e-con-inner\">\n\t\t\t\t<div class=\"elementor-element elementor-element-7d57087 elementor-widget elementor-widget-wp-widget-aioseo-breadcrumb-widget\" data-id=\"7d57087\" data-element_type=\"widget\" data-e-type=\"widget\" data-widget_type=\"wp-widget-aioseo-breadcrumb-widget.default\">\n\t\t\t\t<div class=\"elementor-widget-container\">\n\t\t\t\t\t<div class=\"aioseo-breadcrumbs\"><span class=\"aioseo-breadcrumb\">\n\t\t\tHome\n\t\t<\/span><\/div>\t\t\t\t<\/div>\n\t\t\t\t<\/div>\n\t\t\t\t\t<\/div>\n\t\t\t\t<\/div>\n\t\t<div class=\"elementor-element elementor-element-bff11c8 e-flex e-con-boxed e-con e-parent\" data-id=\"bff11c8\" data-element_type=\"container\" data-e-type=\"container\">\n\t\t\t\t\t<div class=\"e-con-inner\">\n\t\t\t\t<div class=\"elementor-element elementor-element-3db691e elementor-widget elementor-widget-image\" data-id=\"3db691e\" data-element_type=\"widget\" data-e-type=\"widget\" data-widget_type=\"image.default\">\n\t\t\t\t<div class=\"elementor-widget-container\">\n\t\t\t\t\t\t\t\t\t\t\t\t\t\t\t<img decoding=\"async\" src=\"https:\/\/i0.wp.com\/drancourt.fr\/Shop\/wp-content\/uploads\/2023\/11\/accueil-3-volet-cousus.webp?fit=1296%2C358&#038;ssl=1\" title=\"accueil-3-volet-cousus\" alt=\"Porte-Cartes Grises 3 Volets Cousus\" loading=\"lazy\" \/>\t\t\t\t\t\t\t\t\t\t\t\t\t\t\t<\/div>\n\t\t\t\t<\/div>\n\t\t\t\t\t<\/div>\n\t\t\t\t<\/div>\n\t\t<div class=\"elementor-element elementor-element-7312ccf e-flex e-con-boxed e-con e-parent\" data-id=\"7312ccf\" data-element_type=\"container\" data-e-type=\"container\">\n\t\t\t\t\t<div class=\"e-con-inner\">\n\t\t\t\t<div class=\"elementor-element elementor-element-48e0087 elementor-widget elementor-widget-spacer\" data-id=\"48e0087\" data-element_type=\"widget\" data-e-type=\"widget\" data-widget_type=\"spacer.default\">\n\t\t\t\t<div class=\"elementor-widget-container\">\n\t\t\t\t\t\t\t<div class=\"elementor-spacer\">\n\t\t\t<div class=\"elementor-spacer-inner\"><\/div>\n\t\t<\/div>\n\t\t\t\t\t\t<\/div>\n\t\t\t\t<\/div>\n\t\t\t\t\t<\/div>\n\t\t\t\t<\/div>\n\t\t<div class=\"elementor-element elementor-element-5c84a04 e-flex e-con-boxed e-con e-parent\" data-id=\"5c84a04\" data-element_type=\"container\" data-e-type=\"container\">\n\t\t\t\t\t<div class=\"e-con-inner\">\n\t\t<div class=\"elementor-element elementor-element-81ef034 e-con-full e-flex e-con e-child\" data-id=\"81ef034\" data-element_type=\"container\" data-e-type=\"container\">\n\t\t\t\t<div class=\"elementor-element elementor-element-508dd77 elementor-widget elementor-widget-heading\" data-id=\"508dd77\" data-element_type=\"widget\" data-e-type=\"widget\" data-widget_type=\"heading.default\">\n\t\t\t\t<div class=\"elementor-widget-container\">\n\t\t\t\t\t<h2 class=\"elementor-heading-title elementor-size-default\"><a href=\"http:\/\/drancourt.fr\/Shop\/categorie-produit\/porte-cartes-grises-3-volets-cousus\/porte-cartes-grises-3-volets-cousus-casablanca\/\">Casablanca<\/a><\/h2>\t\t\t\t<\/div>\n\t\t\t\t<\/div>\n\t\t\t\t<\/div>\n\t\t<div class=\"elementor-element elementor-element-02d9a0b e-con-full e-flex e-con e-child\" data-id=\"02d9a0b\" data-element_type=\"container\" data-e-type=\"container\">\n\t\t\t\t<div class=\"elementor-element elementor-element-d22a883 elementor-widget elementor-widget-spacer\" data-id=\"d22a883\" data-element_type=\"widget\" data-e-type=\"widget\" data-widget_type=\"spacer.default\">\n\t\t\t\t<div class=\"elementor-widget-container\">\n\t\t\t\t\t\t\t<div class=\"elementor-spacer\">\n\t\t\t<div class=\"elementor-spacer-inner\"><\/div>\n\t\t<\/div>\n\t\t\t\t\t\t<\/div>\n\t\t\t\t<\/div>\n\t\t\t\t<div class=\"elementor-element elementor-element-3e132e3 elementor-widget elementor-widget-heading\" data-id=\"3e132e3\" data-element_type=\"widget\" data-e-type=\"widget\" data-widget_type=\"heading.default\">\n\t\t\t\t<div class=\"elementor-widget-container\">\n\t\t\t\t\t<h2 class=\"elementor-heading-title elementor-size-default\"><a href=\"http:\/\/drancourt.fr\/Shop\/categorie-produit\/porte-cartes-grises-3-volets-cousus\/porte-cartes-grises-3-volets-cousus-fantasia\/\">Fantasia<\/a><\/h2>\t\t\t\t<\/div>\n\t\t\t\t<\/div>\n\t\t\t\t<\/div>\n\t\t<div class=\"elementor-element elementor-element-e46e000 e-con-full e-flex e-con e-child\" data-id=\"e46e000\" data-element_type=\"container\" data-e-type=\"container\">\n\t\t\t\t<div class=\"elementor-element elementor-element-b112690 elementor-widget elementor-widget-heading\" data-id=\"b112690\" data-element_type=\"widget\" data-e-type=\"widget\" data-widget_type=\"heading.default\">\n\t\t\t\t<div class=\"elementor-widget-container\">\n\t\t\t\t\t<h2 class=\"elementor-heading-title elementor-size-default\"><a href=\"http:\/\/drancourt.fr\/Shop\/categorie-produit\/porte-cartes-grises-3-volets-cousus\/porte-cartes-grises-3-volets-cousus-gomme-unie\/\">Gomme-Unie<\/a><\/h2>\t\t\t\t<\/div>\n\t\t\t\t<\/div>\n\t\t\t\t<\/div>\n\t\t\t\t\t<\/div>\n\t\t\t\t<\/div>\n\t\t<div class=\"elementor-element elementor-element-84a516d e-flex e-con-boxed e-con e-parent\" data-id=\"84a516d\" data-element_type=\"container\" data-e-type=\"container\">\n\t\t\t\t\t<div class=\"e-con-inner\">\n\t\t\t\t<div class=\"elementor-element elementor-element-c8c48d5 elementor-widget elementor-widget-text-editor\" data-id=\"c8c48d5\" data-element_type=\"widget\" data-e-type=\"widget\" data-widget_type=\"text-editor.default\">\n\t\t\t\t<div class=\"elementor-widget-container\">\n\t\t\t\t\t\t\t\t\t<p>Enti\u00e8rement personnalisables. Exemples de Marquages pour Fid\u00e9liser Votre Client\u00e8le : Votre Logo, Adresse, Num\u00e9ro de T\u00e9l\u00e9phone, T\u00e9l\u00e9phone de Remorquage &#8230; Impact imm\u00e9diat sur Votre Client\u00e8le. Vous n&rsquo;avez Plus que le Choix de votre Couleur.<\/p>\t\t\t\t\t\t\t\t<\/div>\n\t\t\t\t<\/div>\n\t\t\t\t\t<\/div>\n\t\t\t\t<\/div>\n\t\t<div class=\"elementor-element elementor-element-fec1521 e-flex e-con-boxed e-con e-parent\" data-id=\"fec1521\" data-element_type=\"container\" data-e-type=\"container\">\n\t\t\t\t\t<div class=\"e-con-inner\">\n\t\t<div class=\"elementor-element elementor-element-e4e1ac2 e-con-full e-flex e-con e-child\" data-id=\"e4e1ac2\" data-element_type=\"container\" data-e-type=\"container\">\n\t\t\t\t<div class=\"elementor-element elementor-element-421351f elementor-widget elementor-widget-image\" data-id=\"421351f\" data-element_type=\"widget\" data-e-type=\"widget\" data-widget_type=\"image.default\">\n\t\t\t\t<div class=\"elementor-widget-container\">\n\t\t\t\t\t\t\t\t\t\t\t\t\t\t\t\t<a href=\"http:\/\/drancourt.fr\/Shop\/categorie-produit\/porte-cartes-grises-3-volets-cousus\/porte-cartes-grises-3-volets-cousus-casablanca\/\">\n\t\t\t\t\t\t\t<img decoding=\"async\" src=\"https:\/\/i0.wp.com\/drancourt.fr\/Shop\/wp-content\/uploads\/2023\/11\/Logo-Porte-Cartes-Grises-3-Volets-Cousus-CASABLANCA-1.jpg?fit=356%2C200&#038;ssl=1\" title=\"Logo-Porte-Cartes-Grises-3-Volets-Cousus-CASABLANCA\" alt=\"Logo-Porte-Cartes-Grises-3-Volets-Cousus-CASABLANCA\" loading=\"lazy\" \/>\t\t\t\t\t\t\t\t<\/a>\n\t\t\t\t\t\t\t\t\t\t\t\t\t\t\t<\/div>\n\t\t\t\t<\/div>\n\t\t\t\t<div class=\"elementor-element elementor-element-7f5c340 elementor-widget elementor-widget-heading\" data-id=\"7f5c340\" data-element_type=\"widget\" data-e-type=\"widget\" data-widget_type=\"heading.default\">\n\t\t\t\t<div class=\"elementor-widget-container\">\n\t\t\t\t\t<h2 class=\"elementor-heading-title elementor-size-default\"><a href=\"http:\/\/drancourt.fr\/Shop\/categorie-produit\/porte-cartes-grises-3-volets-cousus\/porte-cartes-grises-3-volets-cousus-casablanca\/\">Casablanca<\/a><\/h2>\t\t\t\t<\/div>\n\t\t\t\t<\/div>\n\t\t\t\t<\/div>\n\t\t<div class=\"elementor-element elementor-element-1b4ba5d e-con-full e-flex e-con e-child\" data-id=\"1b4ba5d\" data-element_type=\"container\" data-e-type=\"container\">\n\t\t\t\t<div class=\"elementor-element elementor-element-09fa172 elementor-widget elementor-widget-image\" data-id=\"09fa172\" data-element_type=\"widget\" data-e-type=\"widget\" data-widget_type=\"image.default\">\n\t\t\t\t<div class=\"elementor-widget-container\">\n\t\t\t\t\t\t\t\t\t\t\t\t\t\t\t\t<a href=\"http:\/\/drancourt.fr\/Shop\/categorie-produit\/porte-cartes-grises-3-volets-cousus\/porte-cartes-grises-3-volets-cousus-fantasia\/\">\n\t\t\t\t\t\t\t<img decoding=\"async\" src=\"https:\/\/i0.wp.com\/drancourt.fr\/Shop\/wp-content\/uploads\/2023\/12\/Logo-Porte-Cartes-Grises-3-Volets-Cousus-FANTASIA.jpg?fit=356%2C200&#038;ssl=1\" title=\"Logo-Porte-Cartes-Grises-3-Volets-Cousus-FANTASIA\" alt=\"Logo-Porte-Cartes Grises 3 Volets Cousus-FANTASIA\" loading=\"lazy\" \/>\t\t\t\t\t\t\t\t<\/a>\n\t\t\t\t\t\t\t\t\t\t\t\t\t\t\t<\/div>\n\t\t\t\t<\/div>\n\t\t\t\t<div class=\"elementor-element elementor-element-a519b3f elementor-widget elementor-widget-heading\" data-id=\"a519b3f\" data-element_type=\"widget\" data-e-type=\"widget\" data-widget_type=\"heading.default\">\n\t\t\t\t<div class=\"elementor-widget-container\">\n\t\t\t\t\t<h2 class=\"elementor-heading-title elementor-size-default\"><a href=\"http:\/\/drancourt.fr\/Shop\/categorie-produit\/porte-cartes-grises-3-volets-cousus\/porte-cartes-grises-3-volets-cousus-fantasia\/\">Fantasia<\/a><\/h2>\t\t\t\t<\/div>\n\t\t\t\t<\/div>\n\t\t\t\t<\/div>\n\t\t<div class=\"elementor-element elementor-element-0b28858 e-con-full e-flex e-con e-child\" data-id=\"0b28858\" data-element_type=\"container\" data-e-type=\"container\">\n\t\t\t\t<div class=\"elementor-element elementor-element-68aa142 elementor-widget elementor-widget-image\" data-id=\"68aa142\" data-element_type=\"widget\" data-e-type=\"widget\" data-widget_type=\"image.default\">\n\t\t\t\t<div class=\"elementor-widget-container\">\n\t\t\t\t\t\t\t\t\t\t\t\t\t\t\t<img decoding=\"async\" src=\"https:\/\/i0.wp.com\/drancourt.fr\/Shop\/wp-content\/uploads\/2023\/12\/Logo-Porte-Cartes-Grises-3-Volets-Cousus-GOMME-UNIS.jpg?fit=356%2C200&#038;ssl=1\" title=\"Logo-Porte-Cartes-Grises-3-Volets-Cousus-GOMME-UNIS\" alt=\"Logo-Porte-Cartes Grises 3 Volets Cousus-GOMME-UNIS\" loading=\"lazy\" \/>\t\t\t\t\t\t\t\t\t\t\t\t\t\t\t<\/div>\n\t\t\t\t<\/div>\n\t\t\t\t<div class=\"elementor-element elementor-element-2ab4da1 elementor-widget elementor-widget-heading\" data-id=\"2ab4da1\" data-element_type=\"widget\" data-e-type=\"widget\" data-widget_type=\"heading.default\">\n\t\t\t\t<div class=\"elementor-widget-container\">\n\t\t\t\t\t<h2 class=\"elementor-heading-title elementor-size-default\"><a href=\"http:\/\/drancourt.fr\/Shop\/categorie-produit\/porte-cartes-grises-3-volets-cousus\/porte-cartes-grises-3-volets-cousus-gomme-unie\/\">Gomme-Unie<\/a><\/h2>\t\t\t\t<\/div>\n\t\t\t\t<\/div>\n\t\t\t\t<\/div>\n\t\t\t\t\t<\/div>\n\t\t\t\t<\/div>\n\t\t<div class=\"elementor-element elementor-element-8560697 e-flex e-con-boxed e-con e-parent\" data-id=\"8560697\" data-element_type=\"container\" data-e-type=\"container\">\n\t\t\t\t\t<div class=\"e-con-inner\">\n\t\t\t\t<div class=\"elementor-element elementor-element-6472d82 elementor-widget-divider--view-line elementor-widget elementor-widget-divider\" data-id=\"6472d82\" data-element_type=\"widget\" data-e-type=\"widget\" data-widget_type=\"divider.default\">\n\t\t\t\t<div class=\"elementor-widget-container\">\n\t\t\t\t\t\t\t<div class=\"elementor-divider\">\n\t\t\t<span class=\"elementor-divider-separator\">\n\t\t\t\t\t\t<\/span>\n\t\t<\/div>\n\t\t\t\t\t\t<\/div>\n\t\t\t\t<\/div>\n\t\t\t\t\t<\/div>\n\t\t\t\t<\/div>\n\t\t\t\t<\/div>\n\t\t","protected":false},"excerpt":{"rendered":"<p>Casablanca Fantasia Gomme-Unie Enti\u00e8rement personnalisables. Exemples de Marquages pour Fid\u00e9liser Votre Client\u00e8le : Votre Logo, Adresse, Num\u00e9ro de T\u00e9l\u00e9phone, T\u00e9l\u00e9phone de Remorquage &#8230; Impact imm\u00e9diat sur Votre Client\u00e8le. Vous n&rsquo;avez Plus que le Choix de votre Couleur. Casablanca Fantasia Gomme-Unie<\/p>\n","protected":false},"author":1,"featured_media":0,"parent":0,"menu_order":0,"comment_status":"closed","ping_status":"closed","template":"","meta":{"content-type":"","om_disable_all_campaigns":false,"_monsterinsights_skip_tracking":false,"_monsterinsights_sitenote_active":false,"_monsterinsights_sitenote_note":"","_monsterinsights_sitenote_category":0,"_uf_show_specific_survey":0,"_uf_disable_surveys":false,"jetpack_post_was_ever_published":false,"footnotes":""},"class_list":["post-2","page","type-page","status-publish","hentry"],"aioseo_notices":[],"jetpack_sharing_enabled":true,"_links":{"self":[{"href":"https:\/\/drancourt.fr\/Shop\/wp-json\/wp\/v2\/pages\/2","targetHints":{"allow":["GET"]}}],"collection":[{"href":"https:\/\/drancourt.fr\/Shop\/wp-json\/wp\/v2\/pages"}],"about":[{"href":"https:\/\/drancourt.fr\/Shop\/wp-json\/wp\/v2\/types\/page"}],"author":[{"embeddable":true,"href":"https:\/\/drancourt.fr\/Shop\/wp-json\/wp\/v2\/users\/1"}],"replies":[{"embeddable":true,"href":"https:\/\/drancourt.fr\/Shop\/wp-json\/wp\/v2\/comments?post=2"}],"version-history":[{"count":49,"href":"https:\/\/drancourt.fr\/Shop\/wp-json\/wp\/v2\/pages\/2\/revisions"}],"predecessor-version":[{"id":17269,"href":"https:\/\/drancourt.fr\/Shop\/wp-json\/wp\/v2\/pages\/2\/revisions\/17269"}],"wp:attachment":[{"href":"https:\/\/drancourt.fr\/Shop\/wp-json\/wp\/v2\/media?parent=2"}],"curies":[{"name":"wp","href":"https:\/\/api.w.org\/{rel}","templated":true}]}}