{"id":17644,"date":"2023-12-07T14:21:40","date_gmt":"2023-12-07T13:21:40","guid":{"rendered":"http:\/\/drancourt.fr\/Shop\/?post_type=product&#038;p=17644"},"modified":"2024-03-20T17:20:33","modified_gmt":"2024-03-20T16:20:33","slug":"porte-cles-audi-aud038v-elegance-et-innovation","status":"publish","type":"product","link":"https:\/\/drancourt.fr\/Shop\/produit\/porte-cles-audi-aud038v-elegance-et-innovation\/","title":{"rendered":"Porte-Cl\u00e9s AUDI : AUD038V. \u00c9l\u00e9gance et Innovation"},"content":{"rendered":"\n<h3><span style=\"color: #19419b\">Porte-Cl\u00e9s Publicitaires AUDI : AUD038V. Anneau 3D Ajour\u00e9 avec GEKKO 3D. Double-Face<\/span><\/h3>\n\n\n\n<p>D\u00e9couvrez le <strong>porte-cl\u00e9s AUDI AUD038V<\/strong>, un accessoire pratique et \u00e9l\u00e9gant qui ajoutera une touche de sophistication \u00e0 vos cl\u00e9s de voiture. Avec son <strong>anneau 3D ajour\u00e9<\/strong> et son <strong>GEKKO 3D<\/strong>, ce porte-cl\u00e9s est \u00e0 la fois moderne et durable.<\/p>\n\n<p>Le design unique de l&rsquo;anneau 3D ajour\u00e9 donne \u00e0 ce porte-cl\u00e9s une <strong>apparence \u00e9l\u00e9gante et luxueuse<\/strong>. Fabriqu\u00e9 \u00e0 partir de <strong>mat\u00e9riaux de haute qualit\u00e9<\/strong>, il r\u00e9siste aux rayures et aux impacts, ce qui en fait un accessoire durable pour une utilisation quotidienne.<\/p>\n\n<p>Le GEKKO 3D ajoute une touche de sophistication suppl\u00e9mentaire \u00e0 ce porte-cl\u00e9s. Avec ses d\u00e9tails fins et sa <strong>finition de qualit\u00e9 sup\u00e9rieure<\/strong>, il est s\u00fbr d&rsquo;attirer l&rsquo;attention et de faire une forte impression. Que vous conduisiez une AUDI ou que vous soyez un passionn\u00e9 de voitures, ce porte-cl\u00e9s est <strong>le choix parfait pour vous<\/strong>.<\/p>\n\n\n<ul>\n  <li>Design moderne et \u00e9l\u00e9gant avec anneau 3D ajour\u00e9.<\/li>\n  <li>GEKKO 3D avec d\u00e9tails fins et finition de qualit\u00e9 sup\u00e9rieure.<\/li>\n  <li>R\u00e9sistant aux rayures et aux impacts pour une durabilit\u00e9 maximale.<\/li>\n  <li>Objet pratique et \u00e9l\u00e9gant pour un usage quotidien.<\/li>\n<\/ul>\n\n<p>Commandez d\u00e8s maintenant votre porte-cl\u00e9s AUDI AUD038V et faites <strong>une forte impression<\/strong> avec ce porte-cl\u00e9s \u00e9l\u00e9gant. Demandez <strong>un devis en ligne <\/strong>d\u00e8s aujourd&rsquo;hui et ajoutez une touche de sophistication \u00e0 vos cl\u00e9s de voiture et \u00e0 votre image de marque !<\/p>\n\n\n\n<h4><span style=\"color: #19419b\">Prix Unitaire des Porte-Cl\u00e9s AUD038V : <\/span><\/h4>\n\n\n\n<table class=\"table table-responsive table-hover table-bordered\">\n  <thead>\n     <tr class=\"table-primary\">\n<td style=\"text-align: center\"><span style=\"color: #19419b\">Par<\/span><\/td>\n<td style=\"text-align: center\"><span style=\"color: #19419b\">Par<\/span><\/td>\n<td style=\"text-align: center\"><span style=\"color: #19419b\">Par<\/span><\/td>\n<td style=\"text-align: center\"><span style=\"color: #19419b\">Par<\/span><\/td>\n<td style=\"text-align: center\"><span style=\"color: #19419b\">Par<\/span><\/td>\n<td style=\"text-align: center\"><span style=\"color: #19419b\">Par<\/span><\/td>\n     <\/tr>\n  <\/thead>\n\n  <tbody>\n\n<tr>\n<td style=\"text-align: center\"><span style=\"color: #19419b\">150 :<\/span><\/td>\n<td style=\"text-align: center\"><span style=\"color: #19419b\">300 :<\/span><\/td>\n<td style=\"text-align: center\"><span style=\"color: #19419b\">600 :<\/span><\/td>\n<td style=\"text-align: center\"><span style=\"color: #19419b\">1200 :<\/span><\/td>\n<td style=\"text-align: center\"><span style=\"color: #19419b\">2500 :<\/span><\/td>\n<td style=\"text-align: center\"><span style=\"color: #19419b\">5000 :<\/span><\/td>  \n<\/tr>\n\n<tr>\n<td style=\"text-align: center\"><span style=\"color: #19419b\"><b>2,04 \u20ac<b><\/span><\/td>\n<td style=\"text-align: center\"><span style=\"color: #19419b\"><b>1,98 \u20ac<b><\/span><\/td>\n<td style=\"text-align: center\"><span style=\"color: #19419b\"><b>1,60 \u20ac<b><\/span><\/td>\n<td style=\"text-align: center\"><span style=\"color: #19419b\"><b>1,54 \u20ac<b><\/span><\/td>\n<td style=\"text-align: center\"><span style=\"color: #19419b\"><b>1,48 \u20ac<b><\/span><\/td>\n<td style=\"text-align: center\"><span style=\"color: #19419b\"><b>1,42 \u20ac<b><\/span><\/td>  \n<\/tr>\n\n\n\n<tr>\n<td style=\"text-align: center\"><span style=\"color: #19419b\"><b>306,00 \u20ac<b><\/span><\/td>\n<td style=\"text-align: center\"><span style=\"color: #19419b\"><b>594,00 \u20ac<b><\/span><\/td>\n<td style=\"text-align: center\"><span style=\"color: #19419b\"><b>960,00 \u20ac<b><\/span><\/td>\n<td style=\"text-align: center\"><span style=\"color: #19419b\"><b>1848,00 \u20ac<b><\/span><\/td>\n<td style=\"text-align: center\"><span style=\"color: #19419b\"><b>3700,00 \u20ac<b><\/span><\/td>\n<td style=\"text-align: center\"><span style=\"color: #19419b\"><b>7100,00 \u20ac<b><\/span><\/td>\n<\/tr>\n\n  <\/tbody>\n<\/table>\n\n\n\n<p>&nbsp;<p>\n\n\n\n<h3><span style=\"color: #19419b\">Porte-Cl\u00e9s Audi : AUD038V. Anneau 3D Ajour\u00e9 avec GEKKO 3D. Double-Face : <\/span><\/h3>\n\n\n\n<p><span style=\"color: #19419b\">Cette r\u00e9f\u00e9rence ne permet pas la gravure en marquage relief.<\/span><\/p>\n\n\n\n<p>&nbsp;<p>\n\n\n\n<div class=\"wp-block-columns is-layout-flex wp-container-core-columns-is-layout-28f84493 wp-block-columns-is-layout-flex\">\n\n<div class=\"wp-block-column is-layout-flow wp-block-column-is-layout-flow\">\n\n<figure class=\"wp-block-image aligncenter size-full\"><img data-recalc-dims=\"1\" decoding=\"async\" src=\"https:\/\/i0.wp.com\/drancourt.fr\/Shop\/wp-content\/uploads\/2023\/12\/Logo-Audi.webp\" alt=\"Logo-Audi\" class=\"wp-image-1388\"><\/figure>\n\n<\/div>\n\n\n<div class=\"wp-block-column is-layout-flow wp-block-column-is-layout-flow\">\n\n<div class=\"wp-block-group is-vertical is-layout-flex wp-container-core-group-is-layout-d6b9ab57 wp-block-group-is-layout-flex\">\n\n<div class=\"wp-block-group is-vertical is-content-justification-left is-layout-flex wp-container-core-group-is-layout-b21d21b4 wp-block-group-is-layout-flex\">\n\n<h2 class=\"wp-block-heading\" id=\"block-80d37238-861c-4921-b650-550d4e855d0e\">Description<\/h2>\n\n\n<p id=\"block-b96fc4b1-0ffa-4724-8d2f-98c73e4b6f7b\"><strong><span style=\"color: #1c4499\">Tout M\u00e9tal<\/span><\/strong><\/p>\n\n\n<ul class=\"wp-block-list\" id=\"block-feaf2cde-eab6-4b64-b323-c328005bda9e\">\n\n<li style=\"line-height:2\"><strong>Audi <\/strong> : AUD038V Anneaux ajour\u00e9s, tout m\u00e9tal.. <\/li>\n\n\n<li style=\"line-height:2\"><strong>Face<\/strong> : Bomb\u00e9e avec GEKKO.<\/li>\n\n\n<li style=\"line-height:2\"><strong>Dimension de l&rsquo;article<\/strong> : dia. 32<\/li>\n\n\n<li style=\"line-height:2\"><strong>Finition<\/strong> : M\u00e9tal<\/li>\n\n<\/ul>\n\n<\/div>\n\n<\/div>\n\n<\/div>\n\n<\/div>\n\n\n\n<p>&nbsp;<p>\n<hr>\n<p>&nbsp;<p>\n<p><h5 style=\"text-align:center\"><a href=\"https:\/\/app.popt.in\/APIRequest\/click\/5904928588dd6\"><span style=\"color: #c50039\">Toute la gamme Audi (<i>Pdf : 3,8 Mo<\/i>)<\/span><\/a><\/h5><\/p>\n<p>&nbsp;<p>\n<hr>\n\n\n<p><script type=\"application\/ld+json\"><br \/>\n\u00a0 {<br \/>\n \"@context\": \"https:\/\/schema.org\/\",<br \/>\n \"@type\": \"Article\",<br \/>\n\u00a0\"headline\": \"Porte-Cl\u00e9s AUDI :  AUD038V. Anneau 3D Ajour\u00e9 avec GEKKO 3D. Double-Face.\",<br \/>\n \"nainEntityOfPage\" :<br \/>\n {\u00a0\u00a0 \"@type\": \"WebPage\",<br \/>\n \"@id\": \"https:\/\/drancourt.fr\/Shop\/<br \/>\nporte-cles-audi-aud038v-anneau-3d-ajoure-avec-gekko-3d-double-face<br \/>\n}\u00a0,<br \/>\n\"author\": {\u00a0\"@type\": \"Person\",\u00a0\"name\":\" \" },<br \/>\n\"Published\" :  {<br \/>\n\"@type\": \"Organisation\",<br \/>\n\"name\": \"Drancourt\",<br \/>\n\"logo\": {\"@type\": \"ImageObject\",<br \/>\n\"url\" :\"https:\/\/drancourt.fr\/Shop\/wp-content\/uploads\/2023\/11\/Logo-drancourt-512-512px.webp\"\u00a0}\u00a0 },\"headline\":\"AUDI : AUD038V\u00a0\" ,\"image\": \"https:\/\/drancourt.fr\/Shop\/wp-content\/uploads\/2023\/12\/Porte-cles-Audi-AUD038V.webp\",\"datePublished\":\"2023-12-07T13:22:58.000Z\"\u00a0}<br \/>\n <\/script><\/p>","protected":false},"excerpt":{"rendered":"<p>Le Porte-Cl\u00e9s AUDI AUD038V combine un anneau 3D ajour\u00e9 et GEKKO 3D double-face, offrant un m\u00e9lange parfait d&rsquo;\u00e9l\u00e9gance et d&rsquo;innovation. Id\u00e9al pour repr\u00e9senter votre image de marque et votre \u00e9tablissement ou garage avec style et distinction.<\/p>\n","protected":false},"featured_media":17652,"comment_status":"open","ping_status":"closed","template":"","meta":{"content-type":"","om_disable_all_campaigns":false,"_monsterinsights_skip_tracking":false,"_monsterinsights_sitenote_active":false,"_monsterinsights_sitenote_note":"","_monsterinsights_sitenote_category":0,"_uf_show_specific_survey":0,"_uf_disable_surveys":false},"product_brand":[],"product_cat":[206,29],"product_tag":[227],"class_list":{"0":"post-17644","1":"product","2":"type-product","3":"status-publish","4":"has-post-thumbnail","6":"product_cat-porte-cles-audi","7":"product_cat-portes-cles-personnalises","8":"product_tag-portes-cles-audi","10":"first","11":"instock","12":"taxable","13":"shipping-taxable","14":"purchasable","15":"product-type-variable","16":"has-default-attributes"},"aioseo_notices":[],"jetpack_sharing_enabled":true,"_links":{"self":[{"href":"https:\/\/drancourt.fr\/Shop\/wp-json\/wp\/v2\/product\/17644","targetHints":{"allow":["GET"]}}],"collection":[{"href":"https:\/\/drancourt.fr\/Shop\/wp-json\/wp\/v2\/product"}],"about":[{"href":"https:\/\/drancourt.fr\/Shop\/wp-json\/wp\/v2\/types\/product"}],"replies":[{"embeddable":true,"href":"https:\/\/drancourt.fr\/Shop\/wp-json\/wp\/v2\/comments?post=17644"}],"wp:featuredmedia":[{"embeddable":true,"href":"https:\/\/drancourt.fr\/Shop\/wp-json\/wp\/v2\/media\/17652"}],"wp:attachment":[{"href":"https:\/\/drancourt.fr\/Shop\/wp-json\/wp\/v2\/media?parent=17644"}],"wp:term":[{"taxonomy":"product_brand","embeddable":true,"href":"https:\/\/drancourt.fr\/Shop\/wp-json\/wp\/v2\/product_brand?post=17644"},{"taxonomy":"product_cat","embeddable":true,"href":"https:\/\/drancourt.fr\/Shop\/wp-json\/wp\/v2\/product_cat?post=17644"},{"taxonomy":"product_tag","embeddable":true,"href":"https:\/\/drancourt.fr\/Shop\/wp-json\/wp\/v2\/product_tag?post=17644"}],"curies":[{"name":"wp","href":"https:\/\/api.w.org\/{rel}","templated":true}]}}