{"id":2548,"date":"2023-11-15T10:43:22","date_gmt":"2023-11-15T09:43:22","guid":{"rendered":"http:\/\/drancourt.fr\/Shop\/?post_type=product&#038;p=2548"},"modified":"2024-11-13T11:14:02","modified_gmt":"2024-11-13T10:14:02","slug":"drapeaux-en-forme-de-larme-petale-small-rouge-et-blanc","status":"publish","type":"product","link":"https:\/\/drancourt.fr\/Shop\/produit\/drapeaux-en-forme-de-larme-petale-small-rouge-et-blanc\/","title":{"rendered":"Drapeaux en forme de larme P\u00c9TALE SMALL Rouge Et Blanc"},"content":{"rendered":"\n<script type=\"application\/ld+json\">\n{\n  \"@context\": \"https:\/\/schema.org\/\",\n  \"@type\": \"Product\",\n  \"name\": \"Drapeaux en forme de larme P\u00c9TALE SMALL Rouge Et Blanc\",\n  \"image\": \"https:\/\/drancourt.fr\/Shop\/wp-content\/uploads\/2023\/11\/drapeaux-petale-small-rouge-et-blanc.webp\",\n  \"description\": \"Drapeau P\u00c9TALE SMALL rouge et blanc en forme de larme pour publicit\u00e9 ext\u00e9rieure\",\n  \"brand\": {\n    \"@type\": \"Brand\",\n    \"name\": \"Drancourt\"\n\n  },\n  \"sku\": \"Drapeaux en forme de larme P\u00c9TALE SMALL Rouge Et Blanc\",\n  \"offers\": {\n    \"@type\": \"AggregateOffer\",\n    \"url\": \"https:\/\/drancourt.fr\/Shop\/produit\/drapeaux-en-forme-de-larme-petale-small-rouge-et-blanc\/\",\n    \"priceCurrency\": \"EUR\",\n    \"lowPrice\":\"242.90\",\n    \"highPrice\":\"1334.00\",\n    \"offerCount\": \"6\",\n    \"priceSpecification\": [\n      \n{\n        \"@type\": \"UnitPriceSpecification\",\n        \"description\": \"Tarif pour la premi\u00e8re commande : 1 unit\u00e9s\",\n        \"price\":\"242.90\",\n        \"priceCurrency\": \"EUR\",\n        \"eligibleQuantity\": {\n          \"@type\": \"QuantitativeValue\",\n          \"value\": 1\n       }\n\t  },\t\t\n{\n        \"@type\": \"UnitPriceSpecification\",\n        \"description\": \"Tarif pour la premi\u00e8re commande : 3 unit\u00e9s\",\n        \"price\":\"\u00a0700.35\",\n        \"priceCurrency\": \"EUR\",\n        \"eligibleQuantity\": {\n          \"@type\": \"QuantitativeValue\",\n          \"value\": 3\n       }\n\t  },\n\t\t{\n        \"@type\": \"UnitPriceSpecification\",\n        \"description\": \"Tarif pour la premi\u00e8re commande : 6 unit\u00e9s\",\n        \"price\":\"1344.00\",\n        \"priceCurrency\": \"EUR\",\n        \"eligibleQuantity\": {\n          \"@type\": \"QuantitativeValue\",\n          \"value\": 6\n        }\n\t\t }\n    ],\n    \"itemCondition\": \"https:\/\/schema.org\/NewCondition\",\n    \"availability\": \"https:\/\/schema.org\/InStock\",\n    \"seller\": {\n      \"@type\": \"Organization\",\n      \"name\": \"Drancourt\"\n    }\n  }\n}\n\n<\/script>\n\n\n\n<h3><span style=\"color: #1c4499\"><strong>Prix Unitaire HT des Drapeaux P\u00e9tale Small <\/strong><\/span><\/h3>\n\n\n\n<table class=\"table table-responsive table-hover table-bordered\">\n\n  <thead>\n     <tr class=\"table-primary\">\n<td style=\"text-align: center\"><span style=\"color: #19419b\">Par<\/span><\/td>\n<td style=\"text-align: center\"><span style=\"color: #19419b\">Par<\/span><\/td>\n<td style=\"text-align: center\"><span style=\"color: #19419b\">Par<\/span><\/td>\n <\/tr>\n  <\/thead>\n  <tbody>\n<tr>\n<td style=\"text-align: center\"><span style=\"color: #19419b\">1 :<\/span><\/td>\n<td style=\"text-align: center\"><span style=\"color: #19419b\">3 :<\/span><\/td>\n<td style=\"text-align: center\"><span style=\"color: #19419b\">6 :<\/span><\/td>\n<\/tr>\n\n\n<tr>\n<td style=\"text-align: center\"><span style=\"color: #19419b\"><b>242,90 \u20ac<b><\/span><\/td>\n<td style=\"text-align: center\"><span style=\"color: #19419b\"><b>233,45 \u20ac<b><\/span><\/td>\n<td style=\"text-align: center\"><span style=\"color: #19419b\"><b>224,00 \u20ac<b><\/span><\/td>\n<\/tr>\n\n<tr>\n<td style=\"text-align: center\"><span style=\"color: #19419b\"><b>242,90 \u20ac<b><\/span><\/td>\n<td style=\"text-align: center\"><span style=\"color: #19419b\"><b>700,35 \u20ac<b><\/span><\/td>\n<td style=\"text-align: center\"><span style=\"color: #19419b\"><b>1344,00 \u20ac<b><\/span><\/td>\n<\/tr>\n <\/tbody>\n<\/table>\n\n\n\n<p>&nbsp;<p>\n\n\n\n<h3><span style=\"color: #1c4499\"><strong>Boostez votre visibilit\u00e9 avec nos drapeaux en forme de larme !<\/strong><\/span><\/h3>\n\n\n\n<p><strong>Augmentez votre visibilit\u00e9<\/strong> avec nos drapeaux en forme de larme ! B\u00e9n\u00e9ficiez d&rsquo;un impact visuel maximal gr\u00e2ce \u00e0 leur grand format, leur impression durable, leur design double-face et leur forme originale. Con\u00e7us pour durer, ces drapeaux sont l\u00e9gers, r\u00e9sistants et stables. Le pied en V robuste et facile \u00e0 installer est parfait pour une utilisation professionnelle. Profitez d&rsquo;une performance optimale en ext\u00e9rieur gr\u00e2ce \u00e0 des mat\u00e9riaux de qualit\u00e9 et une compatibilit\u00e9 avec des m\u00e2ts t\u00e9lescopiques de diam\u00e8tre 45 mm.<\/p>\n\n\n\n<p>&nbsp;<p>\n\n\n\n<h5><strong> <span style=\"color: #1c4499\">Impact visuel garanti <\/strong> <\/span><\/h5>\n     <ul>\n    <li><span style=\"color: #1c4499\">Grand format :<\/span> 195 \u00d7 85 cm, id\u00e9al pour une visibilit\u00e9 optimale, m\u00eame \u00e0 distance.<\/li>\n    <li><span style=\"color: #1c4499\">Impression inalt\u00e9rable grand teint :<\/span> couleurs vives et r\u00e9sistantes pour une communication durable.<\/li>\n    <li><span style=\"color: #1c4499\">Double-face :<\/span> message visible de chaque c\u00f4t\u00e9, pour une communication percutante.<\/li>\n    <li><span style=\"color: #1c4499\">Forme de larme \u00e9l\u00e9gante et originale :<\/span> attire l&rsquo;attention et se distingue des drapeaux standard.<\/li>\n    <li><span style=\"color: #1c4499\">Voile en maille micro-perfor\u00e9e 100% polyester :<\/span> l\u00e9g\u00e8re et r\u00e9sistante aux intemp\u00e9ries.<\/li>\n    <li><span style=\"color: #1c4499\">Grammage 115 gr :<\/span> solidit\u00e9 et tenue parfaite, m\u00eame par vent fort.<\/li>\n  <\/ul>\n\n\n\n<h5><strong><span style=\"color: #1c4499\">Pied en V : installation facile et robuste pour une utilisation professionnelle<\/strong><\/span><\/h5>\n<ul>\n    <li><span style=\"color: #1c4499\">Parfaitement adapt\u00e9 :<\/span> aux m\u00e2ts t\u00e9lescopiques \u00e0 installer sous la roue d&rsquo;un v\u00e9hicule.<\/li>\n    <li><span style=\"color: #1c4499\">Fixation en acier laqu\u00e9 :<\/span> solidit\u00e9 et r\u00e9sistance pour une utilisation intensive.<\/li>\n    <li><span style=\"color: #1c4499\">Facile \u00e0 installer : <\/span>4 kg seulement, pour une mise en place rapide et sans effort.<\/li>\n    <li><span style=\"color: #1c4499\">Compatible avec : <\/span>les m\u00e2ts t\u00e9lescopiques de diam\u00e8tre 45 mm.<\/li>\n  <\/ul>\n\n\n\n<h5><strong><span style=\"color: #1c4499\">Caract\u00e9ristiques techniques<\/strong><\/span><\/h5>\n     <ul>\n  <li>Con\u00e7u pour une performance ext\u00e9rieure optimale.<\/li>\n  <li><span style=\"color: #1c4499\">&nbsp;&nbsp;Mati\u00e8re :<\/span> Acier laqu\u00e9 robuste, garantissant durabilit\u00e9 et r\u00e9sistance aux intemp\u00e9ries.<br>\n  <li><span style=\"color: #1c4499\">&nbsp;&nbsp;Poids :<\/span> L\u00e9ger \u00e0 seulement 4 kg, facilitant le transport et l&rsquo;installation.<br>\n  <li><span style=\"color: #1c4499\">&nbsp;&nbsp;Compatibilit\u00e9 du M\u00e2t :<\/span> Parfaitement adapt\u00e9 pour des m\u00e2ts d&rsquo;un diam\u00e8tre de 45 mm, offrant une flexibilit\u00e9 et une stabilit\u00e9 accrues.\n<\/ul>\n\n\n\n<p>&nbsp;<p>\n\n\n\n<div class=\"wp-block-group is-content-justification-right is-nowrap is-layout-flex wp-container-core-group-is-layout-17124a9a wp-block-group-is-layout-flex\">\r\n\t\t\t\t\r\n\t\t<a \r\n\t\t\t\r\n\t\t\tclass=\"block-fea04d89-1ca0-480c-9e4f-4064dd1d4bbf btn areoi-has-url position-relative btn-primary\"\r\n\t href=\"https:\/\/drancourt.fr\/Shop\/categorie-produit\/drapeaux\/drapeaux-en-forme-de-larme-petale-small\/\" >\r\n\t\t\t\t\t\r\n\t\t\t\t\tAutres Drapeaux en forme de larme P\u00e9tale Small \r\n\t\t\t\t\t\r\n\t\t\t\t\t \r\n\t\t\t\t<\/a>\r\n\t\t\t<\/div>\n\n\n\n<p>&nbsp;<p>\n\n\n\n<hr>\n\n\n\n<!-- UseStrict's Calendly Embedder - Calendly popup widget start -->\n<div id=\"wpcalel-calendly-popup-1\"\n\tdata-wpcalel-type=\"popup\"\n\tdata-wpcalel-url=\"https:\/\/calendly.com\/drancourtservice\/\"\n\tdata-wpcalel-prefill=\"false\"\n\tdata-wpcalel-query-str=\"false\"\n\tdata-wpcalel-text=\"Programmer un RDV avec Nous\"\n\tdata-wpcalel-color=\"#1c4499\"\n\tdata-wpcalel-textColor=\"#ffffff\"\n\tdata-wpcalel-branding=\"false\"\n\t\t\t\t\t\t\t\t\t\t\t\t\t\t\t\t\t\t\t\t\t\t\t\t\t\t\t\t\t\t\t\t\t\t\t\t\t\t\t\t\t\t\t\t\t\t\t\t\t\t\t\t\t \n><\/div>\n<!-- UseStrict's Calendly Embedder - Calendly popup widget end -->\n\n\t\t\t\n","protected":false},"excerpt":{"rendered":"<p>Drapeaux P\u00c9TALE SMALL<\/p>\n","protected":false},"featured_media":2552,"comment_status":"open","ping_status":"closed","template":"","meta":{"content-type":"","om_disable_all_campaigns":false,"_monsterinsights_skip_tracking":false,"_monsterinsights_sitenote_active":false,"_monsterinsights_sitenote_note":"","_monsterinsights_sitenote_category":0,"_uf_show_specific_survey":0,"_uf_disable_surveys":false,"jetpack_post_was_ever_published":false},"product_brand":[],"product_cat":[86,94],"product_tag":[97],"class_list":{"0":"post-2548","1":"product","2":"type-product","3":"status-publish","4":"has-post-thumbnail","6":"product_cat-animation-de-parc","7":"product_cat-drapeaux-en-forme-de-larme-petale-small","8":"product_tag-drapeaux-en-forme-de-larme-petale-small","10":"first","11":"instock","12":"taxable","13":"shipping-taxable","14":"purchasable","15":"product-type-variable","16":"has-default-attributes"},"aioseo_notices":[],"jetpack_sharing_enabled":true,"_links":{"self":[{"href":"https:\/\/drancourt.fr\/Shop\/wp-json\/wp\/v2\/product\/2548","targetHints":{"allow":["GET"]}}],"collection":[{"href":"https:\/\/drancourt.fr\/Shop\/wp-json\/wp\/v2\/product"}],"about":[{"href":"https:\/\/drancourt.fr\/Shop\/wp-json\/wp\/v2\/types\/product"}],"replies":[{"embeddable":true,"href":"https:\/\/drancourt.fr\/Shop\/wp-json\/wp\/v2\/comments?post=2548"}],"wp:featuredmedia":[{"embeddable":true,"href":"https:\/\/drancourt.fr\/Shop\/wp-json\/wp\/v2\/media\/2552"}],"wp:attachment":[{"href":"https:\/\/drancourt.fr\/Shop\/wp-json\/wp\/v2\/media?parent=2548"}],"wp:term":[{"taxonomy":"product_brand","embeddable":true,"href":"https:\/\/drancourt.fr\/Shop\/wp-json\/wp\/v2\/product_brand?post=2548"},{"taxonomy":"product_cat","embeddable":true,"href":"https:\/\/drancourt.fr\/Shop\/wp-json\/wp\/v2\/product_cat?post=2548"},{"taxonomy":"product_tag","embeddable":true,"href":"https:\/\/drancourt.fr\/Shop\/wp-json\/wp\/v2\/product_tag?post=2548"}],"curies":[{"name":"wp","href":"https:\/\/api.w.org\/{rel}","templated":true}]}}